{"id":1848,"date":"2020-07-04T08:39:21","date_gmt":"2020-07-04T08:39:21","guid":{"rendered":"http:\/\/www.estudiorolla.com.ar\/?page_id=1848"},"modified":"2020-07-04T08:44:04","modified_gmt":"2020-07-04T08:44:04","slug":"cv-profesional","status":"publish","type":"page","link":"http:\/\/www.estudiorolla.com.ar\/index.php\/cv-profesional\/","title":{"rendered":"Curr\u00edculum Profesional"},"content":{"rendered":"<p style=\"text-align: justify;\">Profesionalmente me form\u00e9 en varios estudios nacionales e internacionales, trabajando desde que estaba cursando en la facultad, desarrollando proyectos de muy diversas escalas.\u00a0 Trabaj\u00e9 en proyectos de casas particulares, edificios en altura, hoteles, viviendas multifamiliares, entre otros.\u00a0 Tuve la posibilidad de comenzar como dibujante-estudiante e ir desarrollando mis habilidades profesionales hasta llegar a coordinar grandes proyectos, supervisar obras y manejar equipos de trabajo.\u00a0 Mi paso por estudios que manejaban proyectos de m\u00faltiples visiones me dio la posibilidad de aprender sobre las diversas complejidades de la arquitectura desde \u00e1ngulos muy diferentes.\u00a0 Entre los estudios de arquitectura que me formaron se encuentran los de Rafael Vi\u00f1oly Architects, Carla Bechelli Arquitectos, McCormack y Asoc., Robirosa \/ Beccar Varela \/ Pasinato, Pablo Sanchez El\u00eda y Bianchi Construcciones.\u00a0 Adem\u00e1s trabaj\u00e9 en instalaciones contra incendio en obras de gran escala.<\/p>\n<p style=\"text-align: justify;\">Durante mis a\u00f1os de formaci\u00f3n comenc\u00e9 a desarrollar mi trabajo independiente con obras muy diversas, afianz\u00e1ndose definitivamente en 2009.\u00a0 Mis primeros pasos fueron en instalaciones temporales y en proyectos de viviendas particulares.\u00a0 Con los a\u00f1os incorpor\u00e9 la direcci\u00f3n de la obra y la decoraci\u00f3n, ya que los cre\u00ed necesarios para completar la visi\u00f3n total del proyecto.\u00a0 Me apasiona trabajar con los espacios donde las personas est\u00e1n, donde conviven y se relacionan y creo profundamente que un espacio bien dise\u00f1ado mejora la calidad de vida y ayuda a desarrollar relaciones m\u00e1s armoniosas.<\/p>\n<p><a href=\"http:\/\/www.estudiorolla.com.ar\/index.php\/cv-academico\/\">Ver CV acad\u00e9mico<\/a><\/p>\n<p><a href=\"http:\/\/www.estudiorolla.com.ar\/index.php\/remodelaciones\/\">\u00a0\u00a0\u00a0\u00a0<\/a><a href=\"http:\/\/www.estudiorolla.com.ar\/index.php\"><img decoding=\"async\" loading=\"lazy\" class=\"alignnone wp-image-199\" src=\"http:\/\/www.estudiorolla.com.ar\/wp-content\/uploads\/2016\/04\/Home-Web-150x150.png\" alt=\"Home Web\" width=\"40\" height=\"40\" \/><\/a><a href=\"http:\/\/www.estudiorolla.com.ar\/index.php\/remodelaciones\/\">\u00a0\u00a0\u00a0\u00a0\u00a0 <\/a><a href=\"http:\/\/www.estudiorolla.com.ar\/index.php\/estudio\/\"><img decoding=\"async\" loading=\"lazy\" class=\"alignnone wp-image-222\" src=\"http:\/\/www.estudiorolla.com.ar\/wp-content\/uploads\/2016\/04\/Arrow-Web-e1462464811387-150x150.png\" alt=\"Arrow Web\" width=\"40\" height=\"40\" \/><\/a><\/p>\n","protected":false},"excerpt":{"rendered":"<p>Profesionalmente me form\u00e9 en varios estudios nacionales e internacionales, trabajando desde que estaba cursando en la facultad, desarrollando proyectos de muy diversas escalas.\u00a0 Trabaj\u00e9 en proyectos de casas particulares, edificios en altura, hoteles, viviendas multifamiliares, entre otros.\u00a0 Tuve la posibilidad de comenzar como dibujante-estudiante e ir desarrollando mis habilidades profesionales hasta llegar a coordinar grandes&#8230;<\/p>\n","protected":false},"author":1,"featured_media":0,"parent":0,"menu_order":0,"comment_status":"closed","ping_status":"closed","template":"","meta":{"footnotes":""},"_links":{"self":[{"href":"http:\/\/www.estudiorolla.com.ar\/index.php\/wp-json\/wp\/v2\/pages\/1848"}],"collection":[{"href":"http:\/\/www.estudiorolla.com.ar\/index.php\/wp-json\/wp\/v2\/pages"}],"about":[{"href":"http:\/\/www.estudiorolla.com.ar\/index.php\/wp-json\/wp\/v2\/types\/page"}],"author":[{"embeddable":true,"href":"http:\/\/www.estudiorolla.com.ar\/index.php\/wp-json\/wp\/v2\/users\/1"}],"replies":[{"embeddable":true,"href":"http:\/\/www.estudiorolla.com.ar\/index.php\/wp-json\/wp\/v2\/comments?post=1848"}],"version-history":[{"count":4,"href":"http:\/\/www.estudiorolla.com.ar\/index.php\/wp-json\/wp\/v2\/pages\/1848\/revisions"}],"predecessor-version":[{"id":1859,"href":"http:\/\/www.estudiorolla.com.ar\/index.php\/wp-json\/wp\/v2\/pages\/1848\/revisions\/1859"}],"wp:attachment":[{"href":"http:\/\/www.estudiorolla.com.ar\/index.php\/wp-json\/wp\/v2\/media?parent=1848"}],"curies":[{"name":"wp","href":"https:\/\/api.w.org\/{rel}","templated":true}]}}