{"id":1113,"date":"2016-12-30T16:09:49","date_gmt":"2016-12-30T16:09:49","guid":{"rendered":"http:\/\/www.estudiorolla.com.ar\/?page_id=1113"},"modified":"2020-07-04T08:46:04","modified_gmt":"2020-07-04T08:46:04","slug":"cv-academico","status":"publish","type":"page","link":"http:\/\/www.estudiorolla.com.ar\/index.php\/cv-academico\/","title":{"rendered":"Curr\u00edculum Acad\u00e9mico"},"content":{"rendered":"<p style=\"text-align: justify;\">Mi relaci\u00f3n con la historia de la arquitectura me acompa\u00f1a desde que egres\u00e9 de la facultad y comenc\u00e9 a dar clases en el mismo lugar que me form\u00f3.\u00a0 Inicialmente fui ayudante <em>ad-honorem<\/em> entre el 2001 y 2006 en la c\u00e1tedra Gazaneo, actualmente c\u00e1tedra Brandariz.\u00a0 Gan\u00e9 mi primer concurso en la facultad en 2009 como ayudante regular y en 2015 el concurso de Jefe de Trabajos Pr\u00e1cticos; tarea que desarroll\u00e9 hasta el a\u00f1o 2018.\u00a0 Desde el 2019 soy Profesora Adjunta dedicada, casi exclusivamente, al primer nivel de historia.\u00a0 A pesar de estar en Historia 1 pude incursionar en los otros niveles a lo largo de los muchos a\u00f1os que llevo como docente, permiti\u00e9ndome apreciar la historia de la arquitectura desde sus inicios hasta la actualidad.\u00a0 Por otro lado, desde 2018 soy profesora en el posgrado de la FADU-UBA en la materia Historia, teor\u00eda y cr\u00edtica del dise\u00f1o en la carrera de especializaci\u00f3n Gesti\u00f3n de Proyectos Interdisciplinares en Contexto Social.\u00a0 Fui Jefe de Trabajos Pr\u00e1cticos en las materias Teor\u00eda y Cr\u00edtica y Pautas de Intervenci\u00f3n para la Ciudad del Futuro de la Universidad Kennedy entre los a\u00f1os 2013 y 2016.<\/p>\n<p style=\"text-align: justify;\">Estoy en constante formaci\u00f3n a trav\u00e9s de cursos relacionados con la historia de la arquitectura, del arte y la docencia universitaria tanto en instituciones nacionales como extranjeras.\u00a0 He participado en diversos proyectos de investigaci\u00f3n acreditados sobre temas de historia de la arquitectura.\u00a0 Mi tesis de posgrado se relacion\u00f3 con la comunidad brit\u00e1nica en Buenos Aires desde mediados del siglo XIX a principios del XX en relaci\u00f3n al paisaje, el ocio y la arquitectura deportiva.\u00a0 Soy expositora en congresos, seminarios y dem\u00e1s encuentros acad\u00e9micos en varias ciudades de Argentina, tanto para docentes de historia de la arquitectura como para investigadores, y he escrito art\u00edculos en relaci\u00f3n a mis temas de tesis e investigaciones. Soy miembro del Programa de Estudios sobre la Comunidad Brit\u00e1nica en Am\u00e9rica Latina (PECBAL) desde sus inicios en 2020. He tenido la posibilidad de colaborar en el libro <em>Plan de Obras Teatro Col\u00f3n<\/em> y dise\u00f1ado las exposiciones sobre la puesta en valor y actualizaci\u00f3n tecnol\u00f3gica del teatro (2010-2011).\u00a0 Adem\u00e1s he sido invitada a diversos programas televisivos para exponer sobre temas relacionados con la historia de la arquitectura.\u00a0 Todo este camino recorrido expone mi pasi\u00f3n por conocer y mirar la arquitectura desde \u00e1ngulos muy diversos para terminar de conformar mi esencia como profesional.<\/p>\n<p><a href=\"http:\/\/www.estudiorolla.com.ar\/index.php\/cv-profesional\/\">Ver CV profesional<\/a><\/p>\n<p><a href=\"http:\/\/www.estudiorolla.com.ar\/index.php\/remodelaciones\/\">\u00a0\u00a0\u00a0\u00a0<\/a><a href=\"http:\/\/www.estudiorolla.com.ar\/index.php\"><img decoding=\"async\" loading=\"lazy\" class=\"alignnone wp-image-199\" src=\"http:\/\/www.estudiorolla.com.ar\/wp-content\/uploads\/2016\/04\/Home-Web-150x150.png\" alt=\"Home Web\" width=\"40\" height=\"40\" \/><\/a><a href=\"http:\/\/www.estudiorolla.com.ar\/index.php\/remodelaciones\/\">\u00a0\u00a0\u00a0\u00a0\u00a0 <\/a><a href=\"http:\/\/www.estudiorolla.com.ar\/index.php\/estudio\/\"><img decoding=\"async\" loading=\"lazy\" class=\"alignnone wp-image-222\" src=\"http:\/\/www.estudiorolla.com.ar\/wp-content\/uploads\/2016\/04\/Arrow-Web-e1462464811387-150x150.png\" alt=\"Arrow Web\" width=\"40\" height=\"40\" \/><\/a><\/p>\n","protected":false},"excerpt":{"rendered":"<p>Mi relaci\u00f3n con la historia de la arquitectura me acompa\u00f1a desde que egres\u00e9 de la facultad y comenc\u00e9 a dar clases en el mismo lugar que me form\u00f3.\u00a0 Inicialmente fui ayudante ad-honorem entre el 2001 y 2006 en la c\u00e1tedra Gazaneo, actualmente c\u00e1tedra Brandariz.\u00a0 Gan\u00e9 mi primer concurso en la facultad en 2009 como ayudante&#8230;<\/p>\n","protected":false},"author":1,"featured_media":0,"parent":0,"menu_order":0,"comment_status":"closed","ping_status":"closed","template":"","meta":{"footnotes":""},"_links":{"self":[{"href":"http:\/\/www.estudiorolla.com.ar\/index.php\/wp-json\/wp\/v2\/pages\/1113"}],"collection":[{"href":"http:\/\/www.estudiorolla.com.ar\/index.php\/wp-json\/wp\/v2\/pages"}],"about":[{"href":"http:\/\/www.estudiorolla.com.ar\/index.php\/wp-json\/wp\/v2\/types\/page"}],"author":[{"embeddable":true,"href":"http:\/\/www.estudiorolla.com.ar\/index.php\/wp-json\/wp\/v2\/users\/1"}],"replies":[{"embeddable":true,"href":"http:\/\/www.estudiorolla.com.ar\/index.php\/wp-json\/wp\/v2\/comments?post=1113"}],"version-history":[{"count":11,"href":"http:\/\/www.estudiorolla.com.ar\/index.php\/wp-json\/wp\/v2\/pages\/1113\/revisions"}],"predecessor-version":[{"id":1860,"href":"http:\/\/www.estudiorolla.com.ar\/index.php\/wp-json\/wp\/v2\/pages\/1113\/revisions\/1860"}],"wp:attachment":[{"href":"http:\/\/www.estudiorolla.com.ar\/index.php\/wp-json\/wp\/v2\/media?parent=1113"}],"curies":[{"name":"wp","href":"https:\/\/api.w.org\/{rel}","templated":true}]}}